84/4?
1
Let n(h) = 29 + 50 - 37*h**2 + 21 + 36*h**2 + h**3. Let a be n(0). Suppose -10*q = -5*q - a. What is the tens digit of q?
2
Let n be ((-8)/(-12))/((-4)/6)*-1. Let i be (-271)/2*n + (-2)/(-4). Let x = -46 - i. What is the tens digit of x?
8
Let f be 250878/26 + (-102)/663. Suppose 0 = l - 2, 3*l = 5*s + 1850 - f. What is the units digit of s?
1
Let w = 2525 + -2093. What is the units digit of w?
2
Suppose 10*i = 11*i - 4, 3*t + 5*i = 212138. What is the tens digit of t?
0
Let d(s) = s**2 - 3*s + 8. Let f be d(-16). Suppose f*h = 317*h - 3080. What is the units digit of h?
6
Suppose 45*v + 138 = -177. Let n(y) = 0*y**3 - 2*y**3 + 4 + 7 + 9*y**2 + 3*y**3 + 11*y. What is the tens digit of n(v)?
3
Let s(g) = 3 + 4*g + 0*g - 7*g - 5. Let i be s(1). What is the units digit of i - -1 - 730/(-10)?
9
Let h = -6678 - -13316. What is the thousands digit of h?
6
Suppose -45 = -16*r + 11*r. Suppose 3*l - 7344 = -r*l. Suppose 7*t - l - 529 = 0. What is the tens digit of t?
6
Suppose 4*a = -4*a - 160. Let j be ((-744)/a)/((-2)/(-720)). What is the hundreds digit of j/81 - (0 - 2/3)?
1
Suppose -2*d - 4*r + 90 = 0, -r = 3*d + r - 131. Let y = d - 0. Let q = y + 133. What is the hundreds digit of q?
1
Suppose -5*k = -2*l - 25, l + 3*k - 6*k + 15 = 0. Suppose u = -0*u + 3*w + 73, -4*u - 4*w + 276 = l. What is the tens digit of u?
7
Let y be 105/9 - 25/15. Let u = -6 + 9. Suppose -5*s + 7*f + 930 = y*f, u*s - 572 = f. What is the units digit of s?
9
Let c = -16458 + 25433. What is the thousands digit of c?
8
Let l(i) be the first derivative of -i**4/4 + 8*i**3/3 - 3*i**2/2 + 13*i + 1. Let x = 3355 + -3349. What is the units digit of l(x)?
7
Suppose 4186 = u - 3*k - 9136, k - 66562 = -5*u. What is the tens digit of u?
1
Let f(w) = 379*w + 1117. What is the thousands digit of f(20)?
8
Let u be 12/(-78) - ((-13164)/13)/4. Suppose 8*y = 29 - u. Let a = 181 + y. What is the hundreds digit of a?
1
Let f = 57191 + -29002. What is the thousands digit of f?
8
Suppose -16948 = -2*z + 4*j, -12*j - 25446 = -3*z - 14*j. What is the thousands digit of z?
8
Suppose -5*v + 2*r + 460 = 0, -5*v + 490 = 7*r - 3*r. Let b = v + 1086. What is the units digit of b?
0
Let m be 404/20*2 + (-8)/20. Let v = m - 37. Suppose -g + 112 = -5*p, 0*p + 401 = v*g - 2*p. What is the hundreds digit of g?
1
Let s = 3042 - -2736. What is the thousands digit of s?
5
Suppose 2*o - 3*g + 5 = 2*g, 5*o - 4*g = 30. Suppose -5*f + o*f = 15. Suppose k = -3*c + 57, -k - k + 111 = f*c. What is the units digit of k?
4
Let d(g) = 4480*g - 9268. What is the thousands digit of d(5)?
3
Let z(p) = -p**2 + 28*p + 8. Let s be z(15). Let k = 491 - s. What is the units digit of k?
8
Let k be (0 - (3 - 1))*(-135)/(-10). Let y be -16*((-103)/3 - (-18)/k). Suppose 308 = 2*z + z - 5*q, 5*z - y = -q. What is the hundreds digit of z?
1
Let o(a) = -a**2 + 8*a + 13. Let i be o(7). Let g = -15 + i. Suppose 174 = 4*n - g*w, -w - w = -4. What is the tens digit of n?
4
Let n = 109 + -109. Suppose 9*x - 1478 = -5*i + 10*x, -2*i - x + 587 = n. What is the units digit of i?
5
Let g = 120 + -125. What is the hundreds digit of (5 + 40/g)*-83?
2
Let h = 20050 - 1416. What is the tens digit of h?
3
Let s(i) = i**3 - 18*i**2 - 42*i + 48. Let f be s(20). What is the hundreds digit of -515*(48/(-15))/f?
2
Let r(y) = y**2 + 5*y - 5. Let i be 4/(-5) - 266/(-95). Suppose -6 = i*u - 4*u. What is the tens digit of r(u)?
1
Let u = -2438 - -3954. What is the tens digit of u?
1
Let s = 3389 - -8808. What is the tens digit of s?
9
Let p = -27691 + 50102. What is the thousands digit of p?
2
Let w be (2*1)/((-38)/(-247)). Suppose w*t + 35 = 20*t. Suppose 795 = 5*q - t*p, -q - 3*p + p = -171. What is the tens digit of q?
6
Suppose 897664 + 447421 + 695051 = 56*y. What is the tens digit of y?
3
Suppose 4*d = -2*r - 2, -2*d + 5*r = -0*r - 5. Let n be 138 + d + 6 + (-11 - -4). Suppose -4*a + 202 = 3*b - 6*b, n = 3*a + 5*b. What is the units digit of a?
9
Suppose 48*l + 2*o = 52*l - 17122, -5*l - 3*o + 21408 = 0. What is the hundreds digit of l?
2
Let b(p) = 36*p + 105. Let k be b(-17). Let a = 998 + k. What is the tens digit of a?
9
What is the tens digit of 28/(-42)*(-21)/(-28) - (-20057)/2?
2
Let c be (-4 + (-25)/(-2))*1*22. Let v = 607 - c. Suppose 3*u - u = 3*p - 423, -u = -3*p + v. What is the units digit of p?
9
Let d = -14664 - -33740. What is the tens digit of d?
7
Suppose 2*d = 94740 + 77719 - 8363. What is the tens digit of d?
4
Let d = -8 - -10. Let u be (3 + -1)/(2/3). What is the units digit of u/d*(-4 + 6) - -130?
3
Let m = 18139 - -3258. What is the tens digit of m?
9
What is the hundreds digit of 5039 - (76/(-494) - 4/(-26))?
0
Let w(a) = a**3 - 23*a**2 + 14*a - 39. Let t(y) = -2*y + 63. Let o be t(20). What is the units digit of w(o)?
3
Let b(w) = 84*w**3 - 2*w**2 - 9*w + 13. Let g be b(3). Let d = g + -1312. What is the hundreds digit of d?
9
Suppose 3*w + g = -14, 28 = -4*w - 0*w + g. What is the units digit of ((-4)/(4/(-645)))/((-9)/w)?
0
Suppose 0 = -2*b, 3*p - b - 2*b = -177. Let i = 109 + p. Let d = i - 15. What is the tens digit of d?
3
Suppose 29*u + 2*t = 27*u + 44, t - 102 = -5*u. Suppose 38889 = 49*x - u*x. What is the units digit of x?
1
Let w = -50424 - -107059. What is the units digit of w?
5
Let h(m) = -m**2 + 22*m + 2. Let l be h(22). Suppose f - 106 - 321 = -4*v, l*f = -2*v + 212. What is the tens digit of v?
0
Suppose -6*z - 4 = -8*z. Suppose z*m + 15 = 5*m, 7921 = 4*l + 5*m. What is the tens digit of l?
7
Suppose -1542564 = -30*o - 33*o + 9*o. What is the units digit of o?
6
Let r(t) be the second derivative of -t**3/6 - 16*t**2 - 14*t. Let s be r(8). Let f = 66 + s. What is the tens digit of f?
2
Suppose 5*q + 1701918 = 14*q + 18*q. What is the tens digit of q?
3
Let r = -201 - -282. Suppose 49 = -5*k - l - r, -2*k + 4*l = 52. What is the tens digit of (-75)/2*k/39?
2
Suppose 54693 = 5*m + 3*r - 55613, 88243 = 4*m + 3*r. What is the thousands digit of m?
2
Let d(q) = -q**3 + 13*q**2 - 10*q. Suppose -6*m + 5*n + 7 = -3*m, 41 = 5*m - n. Let p be d(m). Suppose -78 = -4*v + p. What is the tens digit of v?
7
Let y(k) = -64*k**3 - 3*k**2 - 3*k - 4. Let p be y(-2). Suppose 4*g - 394 - p = 0. Let i = g - 72. What is the tens digit of i?
5
Let m be -1*1 + (-7 - -11). Suppose -2*f + 4*y = -10, -2*y - m = y. What is the units digit of ((-24)/10)/(2/(-240)*f)?
6
Suppose 32 = -4*x + 5*x. Let m = 70 - x. Suppose d - 5 = m. What is the units digit of d?
3
Suppose 1488205 - 30150608 = -539*v. What is the ten thousands digit of v?
5
Suppose 73*l - 78*l + 17420 = 5*v, 4*l + 6968 = 2*v. What is the thousands digit of v?
3
Let f be (775/10)/((-1)/22). What is the tens digit of -5*2*f/62?
7
Suppose 69*j - 74*j + 45650 = 3*k, 2*k = 2*j - 18260. What is the thousands digit of j?
9
Let s be (-2 + 2 - 2)/((-20)/70). Suppose -s*f + 2 = -5*f. What is the units digit of f/((-3 + (5 - 1))/43)?
3
Let r be -157 + (-3 + -1 - 2). Let n = 348 + r. What is the units digit of n?
5
Let f = 354 + -357. Let l(u) = -12*u**3 - 4*u**2 - 5*u + 15. What is the hundreds digit of l(f)?
3
Suppose 0 = -s - 4*w + 225, 0*s - 2*s + w + 432 = 0. Let v = 223 - s. What is the units digit of v?
6
Let o(b) = 4*b**3 + 3*b**2 - 5*b + 3. Let h be o(1). Suppose -4*v + 172 = 4*d, -h*v + 7*v = -6. What is the units digit of d?
6
Suppose 2*m + 7 = -5*h, h - 12 = -3*h. Let f(q) = -q**2 - 12*q + 12. Let j be f(m). Let d = -6 + j. What is the units digit of d?
7
Suppose -g - 9 = -4*h, g - h + 4*h - 12 = 0. Suppose 3*l - 9 = 0, 2*i + g*l + 2*l = 757. What is the hundreds digit of i?
3
Let u = -7 + 11. Suppose 74 + 37 = 3*m. Suppose 5 = d, -m = -z + u*d + 1. What is the tens digit of z?
5
Suppose 10*i + 7*i = 68. Suppose 2*k = i*h + 937 + 177, 0 = -5*h - 20. What is the hundreds digit of k?
5
Let o = -29 + 19. Suppose -2444 = -63*f - 68*f - 479. Let c = o + f. What is the units digit of c?
5
Suppose -2*s + 12532 = 4*w, -3*w - 4*s - 3819 = -13218. What is the units digit of w?
3
Let b = 3217 + -1989. Suppose p - 3656 = -3*h - p, h = -3*p + b. What is the units digit of h?
6
Suppose -14245 = -2*r - 3*o, -r + 2878 + 4237 = -o. What is the thousands digit of r?
7
Let u = 16185 - 6757. What is the units digit of u?
8
Let b = 1068 + -1832. Let y be b/(-2) + -3 + 6. Suppose -4*c = 